 55 and 65.
5
What is the highest common factor of 208 and 80?
16
What is the greatest common factor of 450 and 7425?
225
What is the highest common factor of 476 and 136?
68
Calculate the highest common divisor of 17 and 646.
17
What is the greatest common factor of 14337 and 354?
177
Calculate the highest common factor of 1121 and 295.
59
What is the greatest common divisor of 47 and 517?
47
Calculate the greatest common factor of 7815 and 45.
15
What is the greatest common divisor of 10 and 490?
10
Calculate the greatest common divisor of 189 and 84.
21
Calculate the greatest common divisor of 161 and 17549.
161
What is the highest common divisor of 24 and 612?
12
Calculate the highest common divisor of 21 and 161.
7
Calculate the greatest common factor of 24 and 5352.
24
Calculate the greatest common factor of 9 and 873.
9
Calculate the highest common divisor of 54 and 1026.
54
What is the greatest common divisor of 92 and 6808?
92
Calculate the highest common divisor of 354 and 4838.
118
Calculate the highest common divisor of 121 and 33.
11
Calculate the highest common divisor of 105 and 12005.
35
What is the highest common divisor of 1254 and 5928?
114
Calculate the highest common factor of 931 and 98.
49
What is the greatest common divisor of 2210 and 1598?
34
Calculate the highest common divisor of 225 and 12.
3
What is the highest common divisor of 85 and 5185?
85
What is the highest common divisor of 111 and 143079?
111
What is the highest common divisor of 464 and 638?
58
What is the greatest common factor of 78 and 832?
26
Calculate the highest common factor of 134 and 26867.
67
What is the highest common divisor of 15 and 36525?
15
What is the highest common divisor of 16 and 80?
16
What is the highest common divisor of 128 and 2944?
128
What is the highest common divisor of 207 and 144?
9
Calculate the highest common divisor of 33 and 737.
11
Calculate the greatest common factor of 26 and 273.
13
What is the highest common divisor of 16 and 3?
1
Calculate the highest common factor of 523 and 2.
1
Calculate the highest common divisor of 9 and 1017.
9
What is the greatest common factor of 2271 and 3?
3
Calculate the greatest common divisor of 10 and 845.
5
What is the greatest common divisor of 1240 and 300?
20
Calculate the greatest common factor of 527 and 408.
17
Calculate the greatest common factor of 321 and 15.
3
Calculate the highest common divisor of 157 and 628.
157
What is the highest common factor of 1529 and 2502?
139
What is the highest common factor of 18585 and 10?
5
What is the greatest common factor of 26 and 59462?
26
What is the greatest common factor of 178 and 1691?
89
What is the highest common divisor of 3619 and 94?
47
Calculate the greatest common divisor of 119 and 14.
7
Calculate the highest common divisor of 48 and 28332.
12
What is the highest common divisor of 2235 and 15?
15
Calculate the greatest common divisor of 108 and 21492.
108
Calculate the greatest common divisor of 57 and 152.
19
Calculate the greatest common factor of 584 and 219.
73
What is the highest common divisor of 50 and 50?
50
What is the highest common divisor of 6970 and 20?
10
What is the highest common factor of 130 and 598?
26
What is the highest common divisor of 79 and 3?
1
Calculate the greatest common divisor of 2064 and 432.
48
Calculate the highest common divisor of 168 and 104.
8
Calculate the highest common divisor of 201 and 268.
67
What is the greatest common factor of 475 and 3097?
19
Calculate the greatest common factor of 2 and 142.
2
What is the highest common divisor of 11 and 341?
11
What is the highest common factor of 8207 and 29?
29
Calculate the greatest common divisor of 385 and 297.
11
What is the greatest common factor of 686 and 70?
14
Calculate the highest common factor of 372 and 279.
93
What is the highest common factor of 165 and 66?
33
Calculate the greatest common factor of 126 and 168.
42
Calculate the greatest common factor of 125 and 200.
25
Calculate the highest common divisor of 27 and 23031.
27
What is the greatest common divisor of 108 and 2412?
36
Calculate the highest common factor of 8854 and 76.
38
What is the greatest common factor of 972 and 36?
36
Calculate the highest common factor of 112 and 184.
8
Calculate the highest common divisor of 130 and 5096.
26
Calculate the highest common factor of 1734 and 17.
17
What is the greatest common divisor of 344 and 731?
43
What is the highest common factor of 9 and 10971?
9
Calculate the greatest common factor of 500 and 80.
20
Calculate the highest common factor of 186 and 6.
6
Calculate the highest common divisor of 329 and 77.
7
What is the highest common divisor of 464 and 145?
29
What is the greatest common divisor of 78 and 9750?
78
What is the greatest common factor of 7 and 3899?
7
Calculate the highest common divisor of 1430 and 390.
130
Calculate the greatest common factor of 392 and 8.
8
Calculate the greatest common divisor of 217 and 35.
7
What is the greatest common factor of 27 and 57?
3
Calculate the highest common factor of 16 and 594.
2
What is the highest common divisor of 1628 and 1452?
44
What is the highest common factor of 288 and 60?
12
Calculate the greatest common divisor of 114 and 380.
38
Calculate the highest common divisor of 5633 and 393.
131
Calculate the highest common divisor of 412 and 309.
103
What is the greatest common divisor of 416 and 728?
104
What is the highest common divisor of 6169 and 398?
199
What is the greatest common factor of 2862 and 795?
159
What is the highest common divisor of 24119 and 271?
271
Calculate the greatest common factor of 420 and 4680.
60
What is the highest common factor of 230 and 3542?
46
What is the greatest common factor of 427 and 18727?
61
Calculate the highest common factor of 270 and 900.
90
Calculate the highest common divisor of 4110 and 135.
15
What is the highest common divisor of 78 and 78?
78
Calculate the greatest common factor of 56 and 23296.
56
What is the greatest common factor of 441 and 3?
3
What is the greatest common factor of 2432 and 2888?
152
What is the greatest common divisor of 120 and 675?
15
Calculate the highest common factor of 39905 and 115.
115
What is the greatest common divisor of 6 and 654?
6
Calculate the highest common divisor of 4558 and 106.
106
Calculate the greatest common factor of 29796 and 208.
52
Calculate the highest common divisor of 21 and 3794.
7
What is the highest common factor of 637 and 286?
13
Calculate the highest common factor of 515 and 1957.
103
What is the greatest common factor of 23 and 2599?
23
Calculate the greatest common factor of 3516 and 48.
12
What is the highest common factor of 18 and 66?
6
What is the greatest common factor of 20137 and 13?
13
Calculate the greatest common divisor of 162 and 9801.
81
Calculate the highest common factor of 55 and 22.
11
What is the greatest common factor of 2336 and 480?
32
What is the greatest common factor of 12 and 116124?
12
What is the highest common factor of 1001 and 65?
13
Calculate the greatest common divisor of 176 and 110.
22
What is the highest common divisor of 48 and 6?
6
What is the greatest common factor of 174 and 1236?
6
Calculate the highest common factor of 32896 and 128.
128
What is the highest common factor of 99 and 6039?
99
Calculate the greatest common factor of 63 and 45.
9
Calculate the greatest common factor of 8 and 1172.
4
Calculate the highest common divisor of 8636 and 68.
68
Calculate the highest common factor of 2368 and 16.
16
What is the highest common divisor of 5243 and 49?
49
Calculate the highest common factor of 43 and 16039.
43
Calculate the highest common factor of 4 and 68.
4
Calculate the highest common divisor of 170 and 187.
17
Calculate the greatest common divisor of 2040 and 1200.
120
What is the highest common divisor of 19 and 21717?
19
Calculate the greatest common divisor of 43 and 344.
43
Calculate the greatest common factor of 1760 and 308.
44
Calculate the highest common divisor of 693 and 63.
63
Calculate the greatest common divisor of 4525 and 125.
25
What is the highest common divisor of 363 and 6?
3
Calculate the greatest common divisor of 136 and 1588.
4
Calculate the greatest common divisor of 6309 and 9.